{"id":306,"date":"2024-11-29T10:59:31","date_gmt":"2024-11-29T13:59:31","guid":{"rendered":"https:\/\/okamy.com.br\/jfmangueiras\/?page_id=306"},"modified":"2025-05-21T14:48:03","modified_gmt":"2025-05-21T17:48:03","slug":"luvas-para-dutos-corrugados","status":"publish","type":"page","link":"https:\/\/okamy.com.br\/jfmangueiras\/luvas-para-dutos-corrugados\/","title":{"rendered":"Luvas para Dutos Corrugados"},"content":{"rendered":"\t\t<div data-elementor-type=\"wp-page\" data-elementor-id=\"306\" class=\"elementor elementor-306\" data-elementor-post-type=\"page\">\r\n\t\t\t\t<div class=\"elementor-element elementor-element-68e48a5 e-flex e-con-boxed e-con e-parent\" data-id=\"68e48a5\" data-element_type=\"container\" data-e-type=\"container\">\r\n\t\t\t\t\t<div class=\"e-con-inner\">\r\n\t\t\t\t<div class=\"elementor-element elementor-element-f2267c4 elementor-widget elementor-widget-spacer\" data-id=\"f2267c4\" data-element_type=\"widget\" data-e-type=\"widget\" data-widget_type=\"spacer.default\">\r\n\t\t\t\t<div class=\"elementor-widget-container\">\r\n\t\t\t\t\t\t\t<div class=\"elementor-spacer\">\r\n\t\t\t<div class=\"elementor-spacer-inner\"><\/div>\r\n\t\t<\/div>\r\n\t\t\t\t\t\t<\/div>\r\n\t\t\t\t<\/div>\r\n\t\t\t\t<div class=\"elementor-element elementor-element-53dc1d9 elementor-widget elementor-widget-heading\" data-id=\"53dc1d9\" data-element_type=\"widget\" data-e-type=\"widget\" data-widget_type=\"heading.default\">\r\n\t\t\t\t<div class=\"elementor-widget-container\">\r\n\t\t\t\t\t<h2 class=\"elementor-heading-title elementor-size-default\">Luvas para Dutos Corrugados<\/h2>\t\t\t\t<\/div>\r\n\t\t\t\t<\/div>\r\n\t\t\t\t<div class=\"elementor-element elementor-element-0bff7f5 elementor-widget elementor-widget-heading\" data-id=\"0bff7f5\" data-element_type=\"widget\" data-e-type=\"widget\" data-widget_type=\"heading.default\">\r\n\t\t\t\t<div class=\"elementor-widget-container\">\r\n\t\t\t\t\t<h2 class=\"elementor-heading-title elementor-size-default\">Ideal para unir dois dutos flex\u00edveis com o mesmo di\u00e2metro.<\/h2>\t\t\t\t<\/div>\r\n\t\t\t\t<\/div>\r\n\t\t\t\t<div class=\"elementor-element elementor-element-14852a5 elementor-widget elementor-widget-image\" data-id=\"14852a5\" data-element_type=\"widget\" data-e-type=\"widget\" data-widget_type=\"image.default\">\r\n\t\t\t\t<div class=\"elementor-widget-container\">\r\n\t\t\t\t\t\t\t\t\t\t\t\t\t\t\t<img fetchpriority=\"high\" decoding=\"async\" width=\"1080\" height=\"1080\" src=\"https:\/\/okamy.com.br\/jfmangueiras\/wp-content\/uploads\/2024\/11\/LUVAS.png\" class=\"attachment-full size-full wp-image-46\" alt=\"\" srcset=\"https:\/\/okamy.com.br\/jfmangueiras\/wp-content\/uploads\/2024\/11\/LUVAS.png 1080w, https:\/\/okamy.com.br\/jfmangueiras\/wp-content\/uploads\/2024\/11\/LUVAS-300x300.png 300w, https:\/\/okamy.com.br\/jfmangueiras\/wp-content\/uploads\/2024\/11\/LUVAS-1024x1024.png 1024w, https:\/\/okamy.com.br\/jfmangueiras\/wp-content\/uploads\/2024\/11\/LUVAS-150x150.png 150w, https:\/\/okamy.com.br\/jfmangueiras\/wp-content\/uploads\/2024\/11\/LUVAS-768x768.png 768w\" sizes=\"(max-width: 1080px) 100vw, 1080px\" \/>\t\t\t\t\t\t\t\t\t\t\t\t\t\t\t<\/div>\r\n\t\t\t\t<\/div>\r\n\t\t\t\t<div class=\"elementor-element elementor-element-c9d137d elementor-widget elementor-widget-heading\" data-id=\"c9d137d\" data-element_type=\"widget\" data-e-type=\"widget\" data-widget_type=\"heading.default\">\r\n\t\t\t\t<div class=\"elementor-widget-container\">\r\n\t\t\t\t\t<h2 class=\"elementor-heading-title elementor-size-default\">Informa\u00e7\u00f5es t\u00e9cnicas<\/h2>\t\t\t\t<\/div>\r\n\t\t\t\t<\/div>\r\n\t\t\t\t<div class=\"elementor-element elementor-element-309915d elementor-widget elementor-widget-html\" data-id=\"309915d\" data-element_type=\"widget\" data-e-type=\"widget\" data-widget_type=\"html.default\">\r\n\t\t\t\t<div class=\"elementor-widget-container\">\r\n\t\t\t\t\t<!DOCTYPE html>\r\n<html lang=\"pt-BR\">\r\n<head>\r\n    <meta charset=\"UTF-8\">\r\n    <meta name=\"viewport\" content=\"width=device-width, initial-scale=1.0\">\r\n    <title>Tabela de Produtos e Pacotes<\/title>\r\n    <style>\r\n        table {\r\n            width: 60%;\r\n            border-collapse: collapse;\r\n            margin: 20px auto;\r\n        }\r\n        th, td {\r\n            border: 1px solid #000;\r\n            text-align: center;\r\n            padding: 8px;\r\n        }\r\n        th {\r\n            background-color: #72BE44;\r\n            color: white;\r\n        }\r\n    <\/style>\r\n<\/head>\r\n<body>\r\n    <table>\r\n        <thead>\r\n            <tr>\r\n                <th>PRODUTO<\/th>\r\n                <th>PACOTES<\/th>\r\n            <\/tr>\r\n        <\/thead>\r\n        <tbody>\r\n            <tr>\r\n                <td>LUVA DN 40 - 11\/4\"<\/td>\r\n                <td>50 Unidades<\/td>\r\n            <\/tr>\r\n            <tr>\r\n                <td>LUVA DN 50 - 11\/2\"<\/td>\r\n                <td>30 Unidades<\/td>\r\n            <\/tr>\r\n            <tr>\r\n                <td>LUVA DN 63 - 2\"<\/td>\r\n                <td>70 Unidades<\/td>\r\n            <\/tr>\r\n            <tr>\r\n                <td>LUVA DN 90 - 3\"<\/td>\r\n                <td>24 Unidades<\/td>\r\n            <\/tr>\r\n            <tr>\r\n                <td>LUVA DN 110 - 4\"<\/td>\r\n                <td>18 Unidades<\/td>\r\n            <\/tr>\r\n        <\/tbody>\r\n    <\/table>\r\n<\/body>\r\n<\/html>\r\n\t\t\t\t<\/div>\r\n\t\t\t\t<\/div>\r\n\t\t\t\t<div class=\"elementor-element elementor-element-3d02038 elementor-mobile-align-center elementor-widget__width-inherit elementor-align-center elementor-widget elementor-widget-button\" data-id=\"3d02038\" data-element_type=\"widget\" data-e-type=\"widget\" data-widget_type=\"button.default\">\r\n\t\t\t\t<div class=\"elementor-widget-container\">\r\n\t\t\t\t\t\t\t\t\t<div class=\"elementor-button-wrapper\">\r\n\t\t\t\t\t<a class=\"elementor-button elementor-button-link elementor-size-sm\" href=\"http:\/\/okamy.com.br\/jfmangueiras\/wp-content\/uploads\/2025\/05\/2436_8_JF_catalogo_digital_1080x1080px-1.pdf\" target=\"_blank\">\r\n\t\t\t\t\t\t<span class=\"elementor-button-content-wrapper\">\r\n\t\t\t\t\t\t\t\t\t<span class=\"elementor-button-text\">Baixe o Cat\u00e1logo<\/span>\r\n\t\t\t\t\t<\/span>\r\n\t\t\t\t\t<\/a>\r\n\t\t\t\t<\/div>\r\n\t\t\t\t\t\t\t\t<\/div>\r\n\t\t\t\t<\/div>\r\n\t\t\t\t<div class=\"elementor-element elementor-element-b7250f7 elementor-widget elementor-widget-spacer\" data-id=\"b7250f7\" data-element_type=\"widget\" data-e-type=\"widget\" data-widget_type=\"spacer.default\">\r\n\t\t\t\t<div class=\"elementor-widget-container\">\r\n\t\t\t\t\t\t\t<div class=\"elementor-spacer\">\r\n\t\t\t<div class=\"elementor-spacer-inner\"><\/div>\r\n\t\t<\/div>\r\n\t\t\t\t\t\t<\/div>\r\n\t\t\t\t<\/div>\r\n\t\t\t\t\t<\/div>\r\n\t\t\t\t<\/div>\r\n\t\t\t\t<\/div>\r\n\t\t","protected":false},"excerpt":{"rendered":"<p>Luvas para Dutos Corrugados Ideal para unir dois dutos flex\u00edveis com o mesmo di\u00e2metro. Informa\u00e7\u00f5es t\u00e9cnicas Tabela de Produtos e Pacotes PRODUTO PACOTES LUVA DN 40 &#8211; 11\/4&#8243; 50 Unidades LUVA DN 50 &#8211; 11\/2&#8243; 30 Unidades LUVA DN 63 &#8211; 2&#8243; 70 Unidades LUVA DN 90 &#8211; 3&#8243; 24 Unidades LUVA DN 110 &#8211; [&hellip;]<\/p>\n","protected":false},"author":1,"featured_media":0,"parent":0,"menu_order":0,"comment_status":"closed","ping_status":"closed","template":"","meta":{"_joinchat":[],"footnotes":""},"class_list":["post-306","page","type-page","status-publish","hentry"],"_links":{"self":[{"href":"https:\/\/okamy.com.br\/jfmangueiras\/wp-json\/wp\/v2\/pages\/306","targetHints":{"allow":["GET"]}}],"collection":[{"href":"https:\/\/okamy.com.br\/jfmangueiras\/wp-json\/wp\/v2\/pages"}],"about":[{"href":"https:\/\/okamy.com.br\/jfmangueiras\/wp-json\/wp\/v2\/types\/page"}],"author":[{"embeddable":true,"href":"https:\/\/okamy.com.br\/jfmangueiras\/wp-json\/wp\/v2\/users\/1"}],"replies":[{"embeddable":true,"href":"https:\/\/okamy.com.br\/jfmangueiras\/wp-json\/wp\/v2\/comments?post=306"}],"version-history":[{"count":19,"href":"https:\/\/okamy.com.br\/jfmangueiras\/wp-json\/wp\/v2\/pages\/306\/revisions"}],"predecessor-version":[{"id":578,"href":"https:\/\/okamy.com.br\/jfmangueiras\/wp-json\/wp\/v2\/pages\/306\/revisions\/578"}],"wp:attachment":[{"href":"https:\/\/okamy.com.br\/jfmangueiras\/wp-json\/wp\/v2\/media?parent=306"}],"curies":[{"name":"wp","href":"https:\/\/api.w.org\/{rel}","templated":true}]}}